. Let n be 613685/6255 + (-1)/9. Calculate the highest common divisor of i and n.
49
Suppose -7931 = -86*n + 2389. Calculate the highest common factor of n and 2295.
15
Let k be -1*(-94 - 1)/5. Suppose -k*d + 653 = -525. Calculate the greatest common divisor of d and 434.
62
Suppose m - 65457 = -5*t, -14*m = 3*t - 11*m - 39267. What is the greatest common divisor of 24 and t?
12
Suppose -249 = -3*x - 6*t + 9*t, 5*x + 5*t = 385. Let m(s) = 27*s**3 + 3*s**2 + s - 3. Let p be m(1). What is the highest common factor of p and x?
4
Let t be 2/8 - -1*927/36. Suppose -8*u = -t*u + 936. Calculate the highest common factor of 1664 and u.
52
Suppose -69*d = 1265 - 2369. What is the highest common factor of d and 21296?
16
Let b be (-143)/26*(-68)/22. Suppose 0 = t + 1 - 82. Let a = 166 - t. Calculate the greatest common divisor of a and b.
17
Let a be (17/((-34)/12))/((-6)/213). Let i = a - 206. What is the greatest common divisor of i and 224?
7
Suppose 4*q - 452 = -0*q. Let h = q - 48. Suppose 0 = 9*y + 24*y + 15*y - 1248. Calculate the greatest common divisor of y and h.
13
Suppose -1327 = 30*r - 1507. Calculate the highest common divisor of r and 230.
2
Suppose 12*u - 10*u = 26*d + 32, -5*u + 2*d = -80. What is the highest common factor of 11192 and u?
8
Suppose 11*c - 116 - 1699 = 0. Let l be (-8)/3*6/(-4). Suppose i + 0*i + 75 = 2*d, l*d - 5*i = c. What is the highest common factor of d and 5?
5
Let s = 11799 - 11674. Calculate the highest common factor of s and 8025.
25
Suppose 109741 = -218*h + 610*h + 29773. Calculate the highest common factor of 3859 and h.
17
Let p = 584 - 557. Suppose -30*b = -p*b - 27. What is the greatest common factor of 9 and b?
9
Let c = -152 - -680. Let p be (76 + -75)/((-1)/(-3)) + 45. Calculate the highest common divisor of c and p.
48
Suppose -3*n = 4*x - 32, -2*x + 3*n = n - 2. Let m be 4 - x/(25/15)*-3. Calculate the highest common factor of 13 and m.
13
Let v(o) be the third derivative of o**4/12 + 115*o**3/3 + 3*o**2. Let r be v(0). What is the greatest common factor of r and 46?
46
Suppose -9*m - 20 = 11*m. Let k be (m/(-4) + 0)*(60 - 52). What is the greatest common factor of k and 17?
1
Let m = -219 + 223. Suppose 7*d = -3*v + 2*d + 44, -v + 3*d - m = 0. Calculate the highest common divisor of 12 and v.
4
Let x = 149 - 97. Suppose 7*z = k + 2*z - x, -3*k + 76 = 5*z. What is the greatest common factor of 48 and k?
16
Suppose 79*x + 200559 = 250152 + 904490. Calculate the highest common factor of 13 and x.
13
Let h(j) = 12*j**2 + 53*j + 307. Let v be h(-5). What is the greatest common factor of v and 288?
18
Let b = 21664 + -21524. Suppose 2*n = -3*x - 0 + 4, 0 = -n - 4*x - 8. What is the highest common divisor of n and b?
4
Let y be (460 - 70/(-28)*2)*(-2)/(-6). Calculate the greatest common divisor of y and 5952.
31
Suppose -12*q + 17*q + 47 = 2*u, -83 = -5*u + q. What is the greatest common divisor of u and 13928?
8
Let l(s) = 34*s**2 - 64*s + 22. Let t be l(3). Calculate the highest common factor of t and 11458.
34
Let x = -8 - -44. Suppose 0 = 3*v + 5*d - 8, 4*d - 16 = -4*v. Suppose v*q - 3*q - 27 = 0. What is the highest common factor of x and q?
9
Suppose c + 82 = 4*y, 2*y - 3*c - 52 = -8*c. Suppose -i = -0*i - y. Suppose 0 = -55*p - 8465 + 10775. Calculate the greatest common factor of i and p.
21
Let x(m) = 2*m**2 - 2*m + 1. Let q be x(3). Suppose -29*c = -35*c - 366. Let o = c + 74. Calculate the highest common divisor of q and o.
13
Let w(p) = -p + 3. Let c be w(-6). Suppose 3*i = 33 + c. Let a be 5*2 + (58 - (-6 + 32)). Calculate the highest common divisor of a and i.
14
Let b(m) = m**3 - m**2 - 11*m - 18. Let i be b(6). Suppose -10*u + 16 = -6*u, 2*u = 3*l - 496. What is the greatest common divisor of l and i?
24
Let v be 7*((-3)/4 + 207/84). Let g(u) = u**2 - 10*u - 7. Let h be g(v). Calculate the highest common divisor of h and 289.
17
Let x = -63 - -72. Suppose x*d + 150 = 24*d. What is the highest common divisor of 410 and d?
10
Let u = 20 - 22. Let p be 72/14 + u/14. Suppose 2*n + 2*a = 3*n - 61, p*n - a - 323 = 0. Calculate the greatest common divisor of 26 and n.
13
Suppose 0 = -3*z - 4*a + 116046, 0 = 79*z - 81*z + 4*a + 77404. What is the greatest common divisor of z and 10?
10
Let l(w) = w**3 - w**2 - 8*w + 108. Let g be l(0). What is the highest common divisor of g and 156?
12
Suppose -5014 - 7882 = -124*d. What is the highest common factor of 10504 and d?
104
Let h be (-12 - 900/(-70)) + (-32874)/(-14). Calculate the greatest common factor of h and 324.
81
Let g be 5*(-1 - (-10 - -8)) + 375. What is the highest common factor of g and 180?
20
Let c(i) = -i**3 + 10*i**2 + 10*i + 14. Let r be c(11). Suppose 2*b - 170 = h, 2*b + 3*h - 447 = -r*b. What is the greatest common divisor of b and 957?
87
Suppose 41*r + 5952 = 65*r. Calculate the highest common divisor of r and 124.
124
Let c(l) = 5*l**2 + 39*l + 240. Let r be c(-11). Calculate the highest common divisor of r and 247.
13
Let z(r) = 807 - 1624 + 17*r + 805 + r**2. Let v be z(-19). Calculate the highest common factor of 195 and v.
13
Let j = -218 - -259. Let w be 0 + (j - -8)/1. Calculate the greatest common factor of 833 and w.
49
Suppose 6*k - 67 + 25 = 0. Suppose 6*z = 3*z + 627. Suppose -z - 71 = -5*c. Calculate the greatest common factor of c and k.
7
Let s = -7 - -14. Suppose 17 = s*m + 3. Suppose v + 4*d = 73, v - 71 = -m*d - d. Calculate the highest common factor of 13 and v.
13
Suppose -33*w = 449 - 1604. Calculate the highest common factor of 4249 and w.
7
Let a(u) = 32*u - 121. Let b be a(5). Let q be 22/(-143) - ((-1176)/b - 0). Calculate the greatest common divisor of 6 and q.
6
Suppose s + j + 0*j + 25 = 0, 4*j + 121 = -5*s. Let x be (7658/s)/(6/(-27)). Suppose -14*i + 669 = -x. What is the greatest common divisor of 110 and i?
55
Let g(j) = 4*j**2 - 27*j - 7. Let f(u) = 0*u + 1 + 4*u + u - 4*u. Let l(w) = 4*f(w) + g(w). Let q be l(12). Calculate the greatest common divisor of 27 and q.
27
Let i = 1728 - 1680. Calculate the greatest common factor of 256 and i.
16
Let y = 23355 + -23199. Suppose 191 = -m + 6*m + 4*w, -3*w = 4*m - 153. Calculate the highest common divisor of m and y.
39
Suppose -3*h = -8*h - 475. Suppose -6*j + 10*j - 4*d - 1228 = 0, 2*j - 600 = -5*d. Let x = h + j. Calculate the greatest common factor of x and 84.
42
Let d be 4/(-3)*(2 + 455/(-10)). Let z = 132 - d. What is the greatest common factor of z and 2?
2
Let c be (-10698)/(3 + -6) - (20 - (17 + 1)). Calculate the highest common factor of c and 528.
132
Let k = 1626 + -258. What is the greatest common factor of 114 and k?
114
Let o(b) = 10 - 2*b + 1 + b + 6 - 8. Let r be o(-9). Let t = 212 + -122. What is the greatest common factor of r and t?
18
Suppose 5*x - 16875 = -3*m, -m + 2*x = 496 - 6121. Calculate the greatest common divisor of m and 27.
9
Suppose 336 = 5*x + 3*d, 113 + 11 = 2*x - 4*d. Let h = 13519 - 13508. What is the greatest common divisor of h and x?
11
Let o be (-323316)/(-273) + 8/(-26). What is the highest common factor of 222 and o?
74
Let q = 770 - 773. Let r be 5 + 32/24*q. Let c be -9*1*2/(-6). What is the greatest common factor of r and c?
1
Let x(i) = 391*i**3 + 3*i**2 - 5*i + 2. Let o be x(1). Calculate the greatest common factor of 920 and o.
23
Let u be (-1498)/(-5 + (-84)/(-18)) + 6. What is the highest common divisor of 15 and u?
15
Suppose 5*u - 98 = 2*c, 0*u + 2*c + 58 = 3*u. Suppose -7*v - u*v = -459. Calculate the greatest common factor of 527 and v.
17
Suppose 3*y + 279 = 3*l, 3*l - 2*y - 2*y - 282 = 0. Let v = l - -171. What is the greatest common divisor of v and 9?
9
Let r be (-14)/(-10) - (-4)/(-10). Suppose 2*v - 2*m - 640 = 0, 0 = m + r + 4. What is the highest common factor of 35 and v?
35
Let y be 693/6 - (-3)/6. Suppose y*m - 115*m = 465. Calculate the greatest common divisor of m and 31.
31
Suppose 0 = -2*j + j - 5*a + 21, -83 = -5*j - 3*a. Suppose 3*o = t - 3*t + 34, 2*o - j = 2*t. Calculate the greatest common divisor of o and 190.
10
Suppose 0 = 3*w + 2 + 22. Let v be -1 - -48*w/12. Let s = 40 + v. Calculate the greatest common divisor of 1 and s.
1
Let x = -12428 - -12496. What is the highest common divisor of x and 1717?
17
Let v = 18 + 14. Let c = 48 - 52. Let d be (-12)/(-2)*26 - c. What is 